at is -6441 + -12?
-6453
In base 9, what is 356 - 282?
64
In base 11, what is -65 + -658?
-712
In base 2, what is -100111111 - -1111?
-100110000
In base 4, what is -122030 + -3200?
-131230
In base 6, what is -251 + 0?
-251
In base 11, what is -99 + -559?
-647
In base 3, what is -2 + 12121?
12112
In base 4, what is 1231313 + 21?
1232000
In base 12, what is -50 + -6a8?
-738
In base 3, what is 1 - -221002000?
221002001
In base 9, what is 75 + -6118?
-6033
In base 15, what is -282 + 2?
-280
In base 5, what is 3433 + -10030?
-1042
In base 13, what is 0 + -c1a7?
-c1a7
In base 6, what is -2 + 11522324?
11522322
In base 13, what is -8328 + -27?
-8352
In base 3, what is 100212211 + 1?
100212212
In base 11, what is -5 + -115a2?
-115a7
In base 2, what is 1100 + -101101111101011?
-101101111011111
In base 5, what is -2004 - -4314?
2310
In base 4, what is -130221122 - -11?
-130221111
In base 15, what is 73 + 206?
279
In base 14, what is 0 - 17d3?
-17d3
In base 12, what is -20a5 - -34?
-2071
In base 14, what is 1ab6 - -4?
1aba
In base 2, what is -10111101011001111 - 101?
-10111101011010100
In base 14, what is 29a66 - 5?
29a61
In base 9, what is 7244 + -167?
7066
In base 12, what is 4 - 248b3?
-248ab
In base 11, what is 18a + 96?
275
In base 14, what is -1 + 336d4?
336d3
In base 4, what is 1012 + 30023?
31101
In base 7, what is -3242 + 212?
-3030
In base 10, what is -51 + -510?
-561
In base 8, what is -75 + 3150?
3053
In base 15, what is 4010 + 1?
4011
In base 12, what is -149 - 2a30?
-2b79
In base 5, what is 2013 + 300?
2313
In base 5, what is -113 - 42032?
-42200
In base 10, what is -265933 - 0?
-265933
In base 8, what is -4 - 114134?
-114140
In base 9, what is -21842 - 2?
-21844
In base 2, what is 1011000000 + -1000010110?
10101010
In base 15, what is 74 + 4193?
4217
In base 5, what is -411 + 120302?
114341
In base 9, what is -3 - 5625?
-5628
In base 7, what is -141042 - 1?
-141043
In base 3, what is -12 + -121201121002?
-121201121021
In base 13, what is 8c6a - -5?
8c72
In base 3, what is 122002 - -10010200?
10202202
In base 13, what is -1a - 53c?
-559
In base 8, what is -4 - 355?
-361
In base 11, what is -5 - 104427?
-104431
In base 2, what is -10000011 + -1010111010?
-1100111101
In base 5, what is 4102 - -113231?
122333
In base 12, what is 25168 - -4?
25170
In base 14, what is -1 + 504?
503
In base 16, what is -2 - -6504?
6502
In base 2, what is -110000010110001010 - 10110?
-110000010110100000
In base 7, what is -5 - 260604?
-260612
In base 9, what is 315 + 324?
640
In base 2, what is -110011101001 + 0?
-110011101001
In base 7, what is 224233 - -5?
224241
In base 2, what is -1110010110000111 + 110?
-1110010110000001
In base 10, what is 36859 - -106?
36965
In base 7, what is -1053 + -111?
-1164
In base 9, what is 652814 + 5?
652820
In base 2, what is 1010110110 + 1000010?
1011111000
In base 16, what is -8c41 + 0?
-8c41
In base 14, what is 21 - -24b9?
24da
In base 16, what is -2707e + 17?
-27067
In base 7, what is -53 + 46214?
46131
In base 12, what is 26 - -4305?
432b
In base 2, what is 101 - 1110101110001100?
-1110101110000111
In base 10, what is -11403 + -2?
-11405
In base 16, what is -1f219 + 4?
-1f215
In base 5, what is -1 - -20012434?
20012433
In base 2, what is 111011110101011 - 100?
111011110100111
In base 2, what is 1101110101 + 110?
1101111011
In base 15, what is -33 - 1d61?
-1d94
In base 14, what is 4 + -3206?
-3202
In base 7, what is 2554 - 24?
2530
In base 14, what is 4 + -39912?
-3990c
In base 5, what is 1130 + 20004?
21134
In base 4, what is 10 + 2220231?
2220301
In base 12, what is 85 - -232?
2b7
In base 6, what is -5 + -153454?
-153503
In base 3, what is 100 + 120211111021?
120211111121
In base 3, what is -12101 + 200?
-11201
In base 10, what is -46 + 4303?
4257
In base 7, what is 6 + -234505?
-234466
In base 2, what is -11100100001 + -11101010?
-100000001011
In base 11, what is 27 + 95993?
95a0a
In base 15, what is 19ac - -64?
1a21
In base 13, what is -1365 + b2?
-1283
In base 4, what is 2 - -133301?
133303
In base 14, what is 19dd + -5?
19d8
In base 8, what is -74 + -3155?
-3251
In base 2, what is 1010111010000 - 1100011?
1010101101101
In base 15, what is -b1010 - -5?
-b100a
In base 13, what is -3 + -b82c?
-b832
In base 12, what is 3748 - -28?
3774
In base 5, what is 1200 - 243133?
-241433
In base 9, what is -807248 - 2?
-807251
In base 11, what is 1a76a - 2?
1a768
In base 3, what is 1020120210 + -10?
1020120200
In base 11, what is -34 + 2819?
2795
In base 7, what is 31 + -1106340?
-1106306
In base 3, what is 1002 + -222211122?
-222210120
In base 11, what is -7 + 15004?
14aa8
In base 9, what is 82 + -2578?
-2486
In base 10, what is 4 + 454554?
454558
In base 10, what is -30 - -940?
910
In base 3, what is -111212022 - -1001?
-111211021
In base 11, what is -6 + -269031?
-269037
In base 9, what is -23 + -1420?
-1443
In base 9, what is -2177441 + 0?
-2177441
In base 6, what is 30 + -34310?
-34240
In base 16, what is -2 - -59ed?
59eb
In base 3, what is -201 - -102200101010?
102200100102
In base 10, what is 257 - 21?
236
In base 15, what is -ad + -d5?
-193
In base 7, what is -55042 + -10?
-55052
In base 5, what is 2412 + 13322?
21234
In base 10, what is 0 + 12352?
12352
In base 16, what is -3 - -15e02?
15dff
In base 4, what is -10 - -3233003?
3232333
In base 5, what is -32413 - -433?
-31430
In base 3, what is -20200 + -1001011?
-1021211
In base 16, what is a9f8 - -3?
a9fb
In base 14, what is dd + 24?
123
In base 6, what is 100 + 10412?
10512
In base 4, what is 1 + -100033023?
-100033022
In base 8, what is 5 - -702241?
702246
In base 8, what is -133336 - -1?
-133335
In base 16, what is -274 - 28?
-29c
In base 9, what is -5 - 135780?
-135785
In base 6, what is -44231022 - 3?
-44231025
In base 7, what is 1 + -3331514?
-3331513
In base 10, what is -1356979 - 0?
-1356979
In base 9, what is -4584 - -15?
-4568
In base 13, what is -37 - ac?
-116
In base 13, what is 3 - 18687?
-18684
In base 5, what is -3021441 - 2?
-3021443
In base 10, what is 6120 - -5?
6125
In base 15, what is cbd5e + -1?
cbd5d
In base 2, what is 1001 + -11000000001?
-10111111000
In base 15, what is -ec + 64e0?
63e3
In base 13, what is -5 - 13c17?
-13c1c
In base 4, what is -12 + 3322300?
3322222
In base 5, what is -104 - -1033303?
1033144
In base 10, what is 58933 + -1?
58932
In base 4, what is 31101111 - 10?
31101101
In base 14, what is -9ad2 + -5?
-9ad7
In base 7, what is -30660 + -4?
-30664
In base 15, what is -4b4 - 4e?
-513
In base 2, what is -11110001011 + -111?
-11110010010
In base 11, what is 275289 - -9?
275297
In base 11, what is 5508 - 25?
5493
In base 8, what is 6326 + -20?
6306
In base 2, what is 101 - -101111100111001010000?
101111100111001010101
In base 16, what is 42435 - 4?
42431
In base 13, what is 115 + -cb?
17
In base 12, what is -b1 + 507b?
4b8a
In base 2, what is -100101 - -1101111000?
1101010011
In base 11, what is -24 - 3734?
-3758
In base 10, what is -3702 + 3?
-3699
In base 4, what is -21 + -1123213?
-1123300
In base 7, what is -3 + 24354?
24351
In base 5, what is -4 + 114201412?
114201403
In base 12, what is 231aa - 4?
231a6
In base 12, what is 632aa2 - 4?
632a9a
In base 10, what is -2 - -3203?
3201
In base 6, what is 1315 - -34?
1353
In base 3, what is -21100212 + -11112?
-21112101
In base 12, what is -116b + -289?
-1438
In base 3, what is -100 + -2110000122?
-2110000222
In base 6, what is -13 - 215105?
-215122
In base 12, what is 65 + 2918?
2981
In base 14, what is -d95d6 + 3?
-d95d3
In base 7, what is 11 + 2054066?
2054110
In base 9, what is -11 + 15642?
15631
In base 11, what is -2 - 4617?
-4619
In base 4, what is -13 + 231302113?
231302100
In base 11, what is -606967 + -6?
-606972
In base 9, what is -737 + -44?
-782
In base 11, what is 4695 + 3?
4698
In base 6, what is 234354 - 13?
234341
In base 12, what is -21 + 149?
128
In base 7, what is -4 - 354222?
-354226
In base 2, what is 11011001101 + -11110?
11010101111
In base 5, what is 2 + 124124?
124131
In base 6, what is -2 + 115451243?
115451241
In base 11, what is 16 - 5857?
-5841
In base 8, what is 4115230 + 2?
4115232
In base 14, what is 3ca23 + -5?
3ca1c
In base 7, what is 35 + -13425?
-13360
In base 12, what is -1739b + -5?
-173a4
In base 14, what is 1 + cd2?
cd3
In base 5, what is -12 - -23